{"id":590,"date":"2025-07-27T07:42:34","date_gmt":"2025-07-27T05:42:34","guid":{"rendered":"https:\/\/schv-klw.kcz-server.de\/?page_id=590"},"modified":"2025-10-04T17:42:18","modified_gmt":"2025-10-04T15:42:18","slug":"beitragstabelle","status":"publish","type":"page","link":"https:\/\/www.schv-klw.de\/?page_id=590","title":{"rendered":"Beitragstabelle"},"content":{"rendered":"\n<figure class=\"wp-block-table is-style-stripes\"><table class=\"has-fixed-layout\"><tbody><tr><td><strong>Beitragszahler<\/strong><\/td><td><strong><strong>Einzugserm\u00e4chtigung<\/strong>\n                              <br><strong>in Euro ( \u20ac )<\/strong><\/strong>\n                            <\/td><\/tr><tr><td>Mitglieder &gt;= 18 Jahre*<\/td><td>120,00<\/td><\/tr><tr><td>Mitglieder &gt; = 75 Jahre*<\/td><td>100,00<\/td><\/tr><tr><td>Ehepaare<\/td><td>180,00<\/td><\/tr><tr><td>Ehepaare   <br>Ein Partner &gt;= 75 Jahre*<br>Beide &gt;= 75 Jahre*<\/td><td><br>170,00<br>160,00<\/td><\/tr><tr><td>Jugendliche &gt;= 16 Jahre\n                              <br>Sch\u00fcler; Studenten; Wehrpflichtige\n                              <br>und Zivildiensleistende<\/td><td>60,00<\/td><\/tr><tr><td>Jugendliche &lt; 16 Jahre* <br>(Es f\u00e4llt nur Scheibengeld an) s. unten<\/td><td>Beitragsfrei<\/td><\/tr><tr><td><strong>Aufnahmegeb\u00fchr Einmalig<\/strong> <br>(&gt;= 16 Jahre*)<\/td><td><br>50,00<br><\/td><\/tr><tr><td><strong>Scheiben- \/ Tanzumlage<\/strong><br>F\u00fcr Jugendliche &gt;= 16 Jahre*<br>1. Kind<br>2. Kind<br>3. \/ weitere Kinder<\/td><td><br>30,00<br>20,00<br>10,00<\/td><\/tr><\/tbody><\/table><\/figure>\n\n\n\n<figure class=\"wp-block-table is-style-stripes\"><table class=\"has-fixed-layout\"><tbody><tr><td class=\"has-text-align-center\" data-align=\"center\"><strong>Schie\u00dfsport- \/ Breitensportumlage<\/strong><\/td><\/tr><\/tbody><\/table><\/figure>\n\n\n\n<figure class=\"wp-block-table is-style-stripes\"><table class=\"has-fixed-layout\"><tbody><tr><td>Luftgewehr<\/td><td>30 \u20ac<\/td><\/tr><tr><td>Kleinkaliber (.22lfb)<\/td><td>40 \u20ac<\/td><\/tr><tr><td>Bogen<\/td><td>40 \u20ac<\/td><\/tr><tr><td>Gro\u00dfkaliber <\/td><td>60 \u20ac<\/td><\/tr><tr><td>Breitensport<\/td><td>60 \u20ac<\/td><\/tr><\/tbody><\/table><\/figure>\n\n\n\n<p><br><strong>Mit der Zahlung einer Schie\u00dfsport- \/ Breitensportumlage in H\u00f6he von 60 \u20ac p.a. ist die j\u00e4hrliche Umlage f\u00fcr alle Disziplinen abgegolten.<\/strong><\/p>\n\n\n\n<div class=\"wp-block-buttons is-layout-flex wp-block-buttons-is-layout-flex\">\n<div class=\"wp-block-button\"><a class=\"wp-block-button__link wp-element-button\" href=\"https:\/\/www.schv-klw.de\/?page_id=476\">zur\u00fcck<\/a><\/div>\n<\/div>\n","protected":false},"excerpt":{"rendered":"<p>BeitragszahlerEinzugserm\u00e4chtigung in Euro ( \u20ac ) Mitglieder &gt;= 18 Jahre*120,00Mitglieder &gt; = 75 Jahre*100,00Ehepaare180,00Ehepaare Ein Partner &gt;= 75 Jahre*Beide &gt;= 75 Jahre*170,00160,00Jugendliche &gt;= 16 Jahre Sch\u00fcler; Studenten; Wehrpflichtige und Zivildiensleistende60,00Jugendliche &lt; 16 Jahre* (Es f\u00e4llt nur Scheibengeld an) s. untenBeitragsfreiAufnahmegeb\u00fchr Einmalig (&gt;= 16 Jahre*)50,00Scheiben- \/ TanzumlageF\u00fcr Jugendliche &gt;= 16 Jahre*1. Kind2. Kind3. \/ weitere Kinder30,0020,0010,00 [&hellip;]<\/p>\n","protected":false},"author":1,"featured_media":0,"parent":0,"menu_order":0,"comment_status":"closed","ping_status":"closed","template":"page-templates\/full-width-page.php","meta":{"footnotes":""},"class_list":["post-590","page","type-page","status-publish","hentry"],"aioseo_notices":[],"_links":{"self":[{"href":"https:\/\/www.schv-klw.de\/index.php?rest_route=\/wp\/v2\/pages\/590","targetHints":{"allow":["GET"]}}],"collection":[{"href":"https:\/\/www.schv-klw.de\/index.php?rest_route=\/wp\/v2\/pages"}],"about":[{"href":"https:\/\/www.schv-klw.de\/index.php?rest_route=\/wp\/v2\/types\/page"}],"author":[{"embeddable":true,"href":"https:\/\/www.schv-klw.de\/index.php?rest_route=\/wp\/v2\/users\/1"}],"replies":[{"embeddable":true,"href":"https:\/\/www.schv-klw.de\/index.php?rest_route=%2Fwp%2Fv2%2Fcomments&post=590"}],"version-history":[{"count":9,"href":"https:\/\/www.schv-klw.de\/index.php?rest_route=\/wp\/v2\/pages\/590\/revisions"}],"predecessor-version":[{"id":1630,"href":"https:\/\/www.schv-klw.de\/index.php?rest_route=\/wp\/v2\/pages\/590\/revisions\/1630"}],"wp:attachment":[{"href":"https:\/\/www.schv-klw.de\/index.php?rest_route=%2Fwp%2Fv2%2Fmedia&parent=590"}],"curies":[{"name":"wp","href":"https:\/\/api.w.org\/{rel}","templated":true}]}}